{"id":2785,"date":"2025-12-19T17:23:22","date_gmt":"2025-12-19T15:23:22","guid":{"rendered":"https:\/\/casino-site-amp-141.website\/?page_id=2785"},"modified":"2025-12-21T18:24:44","modified_gmt":"2025-12-21T16:24:44","slug":"iletisim-bilgileri","status":"publish","type":"page","link":"https:\/\/casino-site-amp-141.website\/tr\/iletisim-bilgileri\/","title":{"rendered":"\u0130LET\u0130\u015e\u0130M B\u0130LG\u0130LER\u0130"},"content":{"rendered":"<h1>\u0130LET\u0130\u015e\u0130M B\u0130LG\u0130LER\u0130<\/h1>\n<p>Kullan\u0131c\u0131lar, teknik sorunlar, hesap yard\u0131m\u0131, i\u015f birli\u011fi talepleri veya platformla ilgili a\u00e7\u0131klamalar i\u00e7in destek ekibiyle ileti\u015fime ge\u00e7ebilirler. Destek departman\u0131, istikrarl\u0131 ve sorunsuz bir ileti\u015fim deneyimi sa\u011flamak i\u00e7in modern g\u00fcvenlik standartlar\u0131n\u0131 takip etmektedir.<\/p>\n<h3>E-posta<\/h3>\n<p>support@motopot.com<\/p>\n<h3>Telefon<\/h3>\n<p>+44 1273 256 987<\/p>\n<h3>Adres<\/h3>\n<p>1xBet N.V., Abraham de Veerstraat 9, Willemstad, Cura\u00e7ao<\/p>\n","protected":false},"excerpt":{"rendered":"<p>\u0130LET\u0130\u015e\u0130M B\u0130LG\u0130LER\u0130 Kullan\u0131c\u0131lar, teknik sorunlar, hesap yard\u0131m\u0131, i\u015f birli\u011fi talepleri veya platformla ilgili a\u00e7\u0131klamalar i\u00e7in destek ekibiyle ileti\u015fime ge\u00e7ebilirler. Destek departman\u0131, istikrarl\u0131 ve sorunsuz bir ileti\u015fim deneyimi sa\u011flamak i\u00e7in modern g\u00fcvenlik standartlar\u0131n\u0131 takip etmektedir. E-posta support@motopot.com Telefon +44 1273 256 987 Adres 1xBet N.V., Abraham de Veerstraat 9, Willemstad, Cura\u00e7ao<\/p>\n","protected":false},"author":1,"featured_media":0,"parent":0,"menu_order":0,"comment_status":"closed","ping_status":"closed","template":"","meta":{"_acf_changed":false,"footnotes":""},"class_list":["post-2785","page","type-page","status-publish","hentry"],"acf":[],"yoast_head":"<!-- This site is optimized with the Yoast SEO plugin v27.3 - https:\/\/yoast.com\/product\/yoast-seo-wordpress\/ -->\n<title>\u0130LET\u0130\u015e\u0130M B\u0130LG\u0130LER\u0130\u00a0| 1xBet<\/title>\n<meta name=\"robots\" content=\"index, follow, max-snippet:-1, max-image-preview:large, max-video-preview:-1\" \/>\n<link rel=\"canonical\" href=\"https:\/\/casino-site-amp-141.website\/tr\/iletisim-bilgileri\/\" \/>\n<meta property=\"og:locale\" content=\"ru_RU\" \/>\n<meta property=\"og:type\" content=\"article\" \/>\n<meta property=\"og:title\" content=\"\u0130LET\u0130\u015e\u0130M B\u0130LG\u0130LER\u0130\u00a0| 1xBet\" \/>\n<meta property=\"og:description\" content=\"\u0130LET\u0130\u015e\u0130M B\u0130LG\u0130LER\u0130 Kullan\u0131c\u0131lar, teknik sorunlar, hesap yard\u0131m\u0131, i\u015f birli\u011fi talepleri veya platformla ilgili a\u00e7\u0131klamalar i\u00e7in destek ekibiyle ileti\u015fime ge\u00e7ebilirler. Destek departman\u0131, istikrarl\u0131 ve sorunsuz bir ileti\u015fim deneyimi sa\u011flamak i\u00e7in modern g\u00fcvenlik standartlar\u0131n\u0131 takip etmektedir. E-posta support@motopot.com Telefon +44 1273 256 987 Adres 1xBet N.V., Abraham de Veerstraat 9, Willemstad, Cura\u00e7ao\" \/>\n<meta property=\"og:url\" content=\"https:\/\/casino-site-amp-141.website\/tr\/iletisim-bilgileri\/\" \/>\n<meta property=\"og:site_name\" content=\"casino-site-amp-141.website\" \/>\n<meta property=\"article:modified_time\" content=\"2025-12-21T16:24:44+00:00\" \/>\n<meta name=\"twitter:card\" content=\"summary_large_image\" \/>\n<meta name=\"twitter:label1\" content=\"\u041f\u0440\u0438\u043c\u0435\u0440\u043d\u043e\u0435 \u0432\u0440\u0435\u043c\u044f \u0434\u043b\u044f \u0447\u0442\u0435\u043d\u0438\u044f\" \/>\n\t<meta name=\"twitter:data1\" content=\"1 \u043c\u0438\u043d\u0443\u0442\u0430\" \/>\n<script type=\"application\/ld+json\" class=\"yoast-schema-graph\">{\"@context\":\"https:\\\/\\\/schema.org\",\"@graph\":[{\"@type\":\"WebPage\",\"@id\":\"https:\\\/\\\/casino-site-amp-141.website\\\/tr\\\/iletisim-bilgileri\\\/\",\"url\":\"https:\\\/\\\/casino-site-amp-141.website\\\/tr\\\/iletisim-bilgileri\\\/\",\"name\":\"\u0130LET\u0130\u015e\u0130M B\u0130LG\u0130LER\u0130\u00a0| 1xBet\",\"isPartOf\":{\"@id\":\"https:\\\/\\\/casino-site-amp-141.website\\\/#website\"},\"datePublished\":\"2025-12-19T15:23:22+00:00\",\"dateModified\":\"2025-12-21T16:24:44+00:00\",\"breadcrumb\":{\"@id\":\"https:\\\/\\\/casino-site-amp-141.website\\\/tr\\\/iletisim-bilgileri\\\/#breadcrumb\"},\"inLanguage\":\"ru-RU\",\"potentialAction\":[{\"@type\":\"ReadAction\",\"target\":[\"https:\\\/\\\/casino-site-amp-141.website\\\/tr\\\/iletisim-bilgileri\\\/\"]}]},{\"@type\":\"BreadcrumbList\",\"@id\":\"https:\\\/\\\/casino-site-amp-141.website\\\/tr\\\/iletisim-bilgileri\\\/#breadcrumb\",\"itemListElement\":[{\"@type\":\"ListItem\",\"position\":1,\"name\":\"\u0413\u043b\u0430\u0432\u043d\u0430\u044f \u0441\u0442\u0440\u0430\u043d\u0438\u0446\u0430\",\"item\":\"https:\\\/\\\/casino-site-amp-141.website\\\/\"},{\"@type\":\"ListItem\",\"position\":2,\"name\":\"\u0130LET\u0130\u015e\u0130M B\u0130LG\u0130LER\u0130\"}]},{\"@type\":\"WebSite\",\"@id\":\"https:\\\/\\\/casino-site-amp-141.website\\\/#website\",\"url\":\"https:\\\/\\\/casino-site-amp-141.website\\\/\",\"name\":\"casino-site-amp-141.website\",\"description\":\"\",\"potentialAction\":[{\"@type\":\"SearchAction\",\"target\":{\"@type\":\"EntryPoint\",\"urlTemplate\":\"https:\\\/\\\/casino-site-amp-141.website\\\/?s={search_term_string}\"},\"query-input\":{\"@type\":\"PropertyValueSpecification\",\"valueRequired\":true,\"valueName\":\"search_term_string\"}}],\"inLanguage\":\"ru-RU\"}]}<\/script>\n<!-- \/ Yoast SEO plugin. -->","yoast_head_json":{"title":"\u0130LET\u0130\u015e\u0130M B\u0130LG\u0130LER\u0130\u00a0| 1xBet","robots":{"index":"index","follow":"follow","max-snippet":"max-snippet:-1","max-image-preview":"max-image-preview:large","max-video-preview":"max-video-preview:-1"},"canonical":"https:\/\/casino-site-amp-141.website\/tr\/iletisim-bilgileri\/","og_locale":"ru_RU","og_type":"article","og_title":"\u0130LET\u0130\u015e\u0130M B\u0130LG\u0130LER\u0130\u00a0| 1xBet","og_description":"\u0130LET\u0130\u015e\u0130M B\u0130LG\u0130LER\u0130 Kullan\u0131c\u0131lar, teknik sorunlar, hesap yard\u0131m\u0131, i\u015f birli\u011fi talepleri veya platformla ilgili a\u00e7\u0131klamalar i\u00e7in destek ekibiyle ileti\u015fime ge\u00e7ebilirler. Destek departman\u0131, istikrarl\u0131 ve sorunsuz bir ileti\u015fim deneyimi sa\u011flamak i\u00e7in modern g\u00fcvenlik standartlar\u0131n\u0131 takip etmektedir. E-posta support@motopot.com Telefon +44 1273 256 987 Adres 1xBet N.V., Abraham de Veerstraat 9, Willemstad, Cura\u00e7ao","og_url":"https:\/\/casino-site-amp-141.website\/tr\/iletisim-bilgileri\/","og_site_name":"casino-site-amp-141.website","article_modified_time":"2025-12-21T16:24:44+00:00","twitter_card":"summary_large_image","twitter_misc":{"\u041f\u0440\u0438\u043c\u0435\u0440\u043d\u043e\u0435 \u0432\u0440\u0435\u043c\u044f \u0434\u043b\u044f \u0447\u0442\u0435\u043d\u0438\u044f":"1 \u043c\u0438\u043d\u0443\u0442\u0430"},"schema":{"@context":"https:\/\/schema.org","@graph":[{"@type":"WebPage","@id":"https:\/\/casino-site-amp-141.website\/tr\/iletisim-bilgileri\/","url":"https:\/\/casino-site-amp-141.website\/tr\/iletisim-bilgileri\/","name":"\u0130LET\u0130\u015e\u0130M B\u0130LG\u0130LER\u0130\u00a0| 1xBet","isPartOf":{"@id":"https:\/\/casino-site-amp-141.website\/#website"},"datePublished":"2025-12-19T15:23:22+00:00","dateModified":"2025-12-21T16:24:44+00:00","breadcrumb":{"@id":"https:\/\/casino-site-amp-141.website\/tr\/iletisim-bilgileri\/#breadcrumb"},"inLanguage":"ru-RU","potentialAction":[{"@type":"ReadAction","target":["https:\/\/casino-site-amp-141.website\/tr\/iletisim-bilgileri\/"]}]},{"@type":"BreadcrumbList","@id":"https:\/\/casino-site-amp-141.website\/tr\/iletisim-bilgileri\/#breadcrumb","itemListElement":[{"@type":"ListItem","position":1,"name":"\u0413\u043b\u0430\u0432\u043d\u0430\u044f \u0441\u0442\u0440\u0430\u043d\u0438\u0446\u0430","item":"https:\/\/casino-site-amp-141.website\/"},{"@type":"ListItem","position":2,"name":"\u0130LET\u0130\u015e\u0130M B\u0130LG\u0130LER\u0130"}]},{"@type":"WebSite","@id":"https:\/\/casino-site-amp-141.website\/#website","url":"https:\/\/casino-site-amp-141.website\/","name":"casino-site-amp-141.website","description":"","potentialAction":[{"@type":"SearchAction","target":{"@type":"EntryPoint","urlTemplate":"https:\/\/casino-site-amp-141.website\/?s={search_term_string}"},"query-input":{"@type":"PropertyValueSpecification","valueRequired":true,"valueName":"search_term_string"}}],"inLanguage":"ru-RU"}]}},"amp_enabled":true,"_links":{"self":[{"href":"https:\/\/casino-site-amp-141.website\/wp-json\/wp\/v2\/pages\/2785","targetHints":{"allow":["GET"]}}],"collection":[{"href":"https:\/\/casino-site-amp-141.website\/wp-json\/wp\/v2\/pages"}],"about":[{"href":"https:\/\/casino-site-amp-141.website\/wp-json\/wp\/v2\/types\/page"}],"author":[{"embeddable":true,"href":"https:\/\/casino-site-amp-141.website\/wp-json\/wp\/v2\/users\/1"}],"replies":[{"embeddable":true,"href":"https:\/\/casino-site-amp-141.website\/wp-json\/wp\/v2\/comments?post=2785"}],"version-history":[{"count":2,"href":"https:\/\/casino-site-amp-141.website\/wp-json\/wp\/v2\/pages\/2785\/revisions"}],"predecessor-version":[{"id":2791,"href":"https:\/\/casino-site-amp-141.website\/wp-json\/wp\/v2\/pages\/2785\/revisions\/2791"}],"wp:attachment":[{"href":"https:\/\/casino-site-amp-141.website\/wp-json\/wp\/v2\/media?parent=2785"}],"curies":[{"name":"wp","href":"https:\/\/api.w.org\/{rel}","templated":true}]}}