{"id":2789,"date":"2025-12-19T17:26:06","date_gmt":"2025-12-19T15:26:06","guid":{"rendered":"https:\/\/casino-site-amp-141.website\/?page_id=2789"},"modified":"2025-12-19T17:26:06","modified_gmt":"2025-12-19T15:26:06","slug":"sorumlu-oyun-oynama","status":"publish","type":"page","link":"https:\/\/casino-site-amp-141.website\/tr\/sorumlu-oyun-oynama\/","title":{"rendered":"Sorumlu Oyun Oynama"},"content":{"rendered":"<h1>Sorumlu Oyun Oynama<\/h1>\n<p>Sorumlu oyun oynama, \u00e7evrimi\u00e7i kumarhane faaliyetlerinin g\u00fcvenli, keyifli ve dengeli kalmas\u0131n\u0131 sa\u011flar. Kullan\u0131c\u0131lar\u0131n a\u015f\u0131r\u0131 oyun oynamaktan, d\u00fcrt\u00fcsel kararlardan ve stresle ilgili davran\u0131\u015flardan ka\u00e7\u0131nmas\u0131na yard\u0131mc\u0131 olur. Sorumlu oyun oynama ilkelerini uygulayarak, bireyler dijital e\u011flenceyle sa\u011fl\u0131kl\u0131 bir ili\u015fki s\u00fcrd\u00fcrebilir ve istenmeyen sonu\u00e7lar\u0131 \u00f6nleyebilirler.<\/p>\n<h2>Temel Kurallar<\/h2>\n<ul>\n<li>ki\u015fisel zaman s\u0131n\u0131rlar\u0131 belirleyin<\/li>\n<li>d\u00fczenli molalar verin<\/li>\n<li>duygusal tepkilerinizi izleyin<\/li>\n<li>d\u00fcrt\u00fcsel kararlardan ka\u00e7\u0131n\u0131n<\/li>\n<li>b\u00fct\u00e7e disiplini uygulay\u0131n<\/li>\n<li>yaln\u0131zca g\u00fcvenli platformlarda oynay\u0131n<\/li>\n<li>ki\u015fisel al\u0131\u015fkanl\u0131klar\u0131n\u0131z\u0131 d\u00fczenli olarak g\u00f6zden ge\u00e7irin<\/li>\n<\/ul>\n<h2>Zaman Y\u00f6netimi<\/h2>\n<p> \u0130yi planlanm\u0131\u015f oyun seanslar\u0131, zihni berrak tutmaya ve yorgunlu\u011fu \u00f6nlemeye yard\u0131mc\u0131 olur:<\/p>\n<ul>\n<li>seans s\u00fcresini \u00f6nceden belirleyin<\/li>\n<li>her 30-40 dakikada bir mola verin<\/li>\n<li>uzun, kesintisiz oyunlardan ka\u00e7\u0131n\u0131n<\/li>\n<li>oyunun g\u00fcnl\u00fck i\u015flerin yerini almad\u0131\u011f\u0131ndan emin olun<\/li>\n<\/ul>\n<h2>Mali Sorumluluk<\/h2>\n<p> Dijital kumarhane ortamlar\u0131nda duygusal harcamalar meydana gelebilir. Kullan\u0131c\u0131lar \u015funlar\u0131 yapmal\u0131d\u0131r:<\/p>\n<ul>\n<li>Net finansal limitler belirlemelidir<\/li>\n<li>\u0130\u015flem ge\u00e7mi\u015fini takip etmelidir<\/li>\n<li>Zararlar\u0131 telafi etmeye \u00e7al\u0131\u015fmamal\u0131d\u0131r<\/li>\n<li>Sadece ki\u015fisel kapasiteniz dahilinde harcama yapmal\u0131d\u0131r<\/li>\n<\/ul>\n","protected":false},"excerpt":{"rendered":"<p>Sorumlu Oyun Oynama Sorumlu oyun oynama, \u00e7evrimi\u00e7i kumarhane faaliyetlerinin g\u00fcvenli, keyifli ve dengeli kalmas\u0131n\u0131 sa\u011flar. Kullan\u0131c\u0131lar\u0131n a\u015f\u0131r\u0131 oyun oynamaktan, d\u00fcrt\u00fcsel kararlardan ve stresle ilgili davran\u0131\u015flardan ka\u00e7\u0131nmas\u0131na yard\u0131mc\u0131 olur. Sorumlu oyun oynama ilkelerini uygulayarak, bireyler dijital e\u011flenceyle sa\u011fl\u0131kl\u0131 bir ili\u015fki s\u00fcrd\u00fcrebilir ve istenmeyen sonu\u00e7lar\u0131 \u00f6nleyebilirler. Temel Kurallar ki\u015fisel zaman s\u0131n\u0131rlar\u0131 belirleyin d\u00fczenli molalar verin duygusal tepkilerinizi [&hellip;]<\/p>\n","protected":false},"author":1,"featured_media":0,"parent":0,"menu_order":0,"comment_status":"closed","ping_status":"closed","template":"","meta":{"_acf_changed":false,"footnotes":""},"class_list":["post-2789","page","type-page","status-publish","hentry"],"acf":[],"yoast_head":"<!-- This site is optimized with the Yoast SEO plugin v27.3 - https:\/\/yoast.com\/product\/yoast-seo-wordpress\/ -->\n<title>Sorumlu Oyun Oynama \u2014 G\u00fcvenli ve Dengeli Casino Deneyimi<\/title>\n<meta name=\"description\" content=\"Sorumlu oyun oynaman\u0131n temel prensipleri: zaman s\u0131n\u0131rlar\u0131, b\u00fct\u00e7e kontrol\u00fc, duygusal fark\u0131ndal\u0131k ve g\u00fcvenli dijital davran\u0131\u015f\" \/>\n<meta name=\"robots\" content=\"index, follow, max-snippet:-1, max-image-preview:large, max-video-preview:-1\" \/>\n<link rel=\"canonical\" href=\"https:\/\/casino-site-amp-141.website\/tr\/sorumlu-oyun-oynama\/\" \/>\n<meta property=\"og:locale\" content=\"ru_RU\" \/>\n<meta property=\"og:type\" content=\"article\" \/>\n<meta property=\"og:title\" content=\"Sorumlu Oyun Oynama \u2014 G\u00fcvenli ve Dengeli Casino Deneyimi\" \/>\n<meta property=\"og:description\" content=\"Sorumlu oyun oynaman\u0131n temel prensipleri: zaman s\u0131n\u0131rlar\u0131, b\u00fct\u00e7e kontrol\u00fc, duygusal fark\u0131ndal\u0131k ve g\u00fcvenli dijital davran\u0131\u015f\" \/>\n<meta property=\"og:url\" content=\"https:\/\/casino-site-amp-141.website\/tr\/sorumlu-oyun-oynama\/\" \/>\n<meta property=\"og:site_name\" content=\"casino-site-amp-141.website\" \/>\n<meta name=\"twitter:card\" content=\"summary_large_image\" \/>\n<script type=\"application\/ld+json\" class=\"yoast-schema-graph\">{\"@context\":\"https:\\\/\\\/schema.org\",\"@graph\":[{\"@type\":\"WebPage\",\"@id\":\"https:\\\/\\\/casino-site-amp-141.website\\\/tr\\\/sorumlu-oyun-oynama\\\/\",\"url\":\"https:\\\/\\\/casino-site-amp-141.website\\\/tr\\\/sorumlu-oyun-oynama\\\/\",\"name\":\"Sorumlu Oyun Oynama \u2014 G\u00fcvenli ve Dengeli Casino Deneyimi\",\"isPartOf\":{\"@id\":\"https:\\\/\\\/casino-site-amp-141.website\\\/#website\"},\"datePublished\":\"2025-12-19T15:26:06+00:00\",\"description\":\"Sorumlu oyun oynaman\u0131n temel prensipleri: zaman s\u0131n\u0131rlar\u0131, b\u00fct\u00e7e kontrol\u00fc, duygusal fark\u0131ndal\u0131k ve g\u00fcvenli dijital davran\u0131\u015f\",\"breadcrumb\":{\"@id\":\"https:\\\/\\\/casino-site-amp-141.website\\\/tr\\\/sorumlu-oyun-oynama\\\/#breadcrumb\"},\"inLanguage\":\"ru-RU\",\"potentialAction\":[{\"@type\":\"ReadAction\",\"target\":[\"https:\\\/\\\/casino-site-amp-141.website\\\/tr\\\/sorumlu-oyun-oynama\\\/\"]}]},{\"@type\":\"BreadcrumbList\",\"@id\":\"https:\\\/\\\/casino-site-amp-141.website\\\/tr\\\/sorumlu-oyun-oynama\\\/#breadcrumb\",\"itemListElement\":[{\"@type\":\"ListItem\",\"position\":1,\"name\":\"\u0413\u043b\u0430\u0432\u043d\u0430\u044f \u0441\u0442\u0440\u0430\u043d\u0438\u0446\u0430\",\"item\":\"https:\\\/\\\/casino-site-amp-141.website\\\/\"},{\"@type\":\"ListItem\",\"position\":2,\"name\":\"Sorumlu Oyun Oynama\"}]},{\"@type\":\"WebSite\",\"@id\":\"https:\\\/\\\/casino-site-amp-141.website\\\/#website\",\"url\":\"https:\\\/\\\/casino-site-amp-141.website\\\/\",\"name\":\"casino-site-amp-141.website\",\"description\":\"\",\"potentialAction\":[{\"@type\":\"SearchAction\",\"target\":{\"@type\":\"EntryPoint\",\"urlTemplate\":\"https:\\\/\\\/casino-site-amp-141.website\\\/?s={search_term_string}\"},\"query-input\":{\"@type\":\"PropertyValueSpecification\",\"valueRequired\":true,\"valueName\":\"search_term_string\"}}],\"inLanguage\":\"ru-RU\"}]}<\/script>\n<!-- \/ Yoast SEO plugin. -->","yoast_head_json":{"title":"Sorumlu Oyun Oynama \u2014 G\u00fcvenli ve Dengeli Casino Deneyimi","description":"Sorumlu oyun oynaman\u0131n temel prensipleri: zaman s\u0131n\u0131rlar\u0131, b\u00fct\u00e7e kontrol\u00fc, duygusal fark\u0131ndal\u0131k ve g\u00fcvenli dijital davran\u0131\u015f","robots":{"index":"index","follow":"follow","max-snippet":"max-snippet:-1","max-image-preview":"max-image-preview:large","max-video-preview":"max-video-preview:-1"},"canonical":"https:\/\/casino-site-amp-141.website\/tr\/sorumlu-oyun-oynama\/","og_locale":"ru_RU","og_type":"article","og_title":"Sorumlu Oyun Oynama \u2014 G\u00fcvenli ve Dengeli Casino Deneyimi","og_description":"Sorumlu oyun oynaman\u0131n temel prensipleri: zaman s\u0131n\u0131rlar\u0131, b\u00fct\u00e7e kontrol\u00fc, duygusal fark\u0131ndal\u0131k ve g\u00fcvenli dijital davran\u0131\u015f","og_url":"https:\/\/casino-site-amp-141.website\/tr\/sorumlu-oyun-oynama\/","og_site_name":"casino-site-amp-141.website","twitter_card":"summary_large_image","schema":{"@context":"https:\/\/schema.org","@graph":[{"@type":"WebPage","@id":"https:\/\/casino-site-amp-141.website\/tr\/sorumlu-oyun-oynama\/","url":"https:\/\/casino-site-amp-141.website\/tr\/sorumlu-oyun-oynama\/","name":"Sorumlu Oyun Oynama \u2014 G\u00fcvenli ve Dengeli Casino Deneyimi","isPartOf":{"@id":"https:\/\/casino-site-amp-141.website\/#website"},"datePublished":"2025-12-19T15:26:06+00:00","description":"Sorumlu oyun oynaman\u0131n temel prensipleri: zaman s\u0131n\u0131rlar\u0131, b\u00fct\u00e7e kontrol\u00fc, duygusal fark\u0131ndal\u0131k ve g\u00fcvenli dijital davran\u0131\u015f","breadcrumb":{"@id":"https:\/\/casino-site-amp-141.website\/tr\/sorumlu-oyun-oynama\/#breadcrumb"},"inLanguage":"ru-RU","potentialAction":[{"@type":"ReadAction","target":["https:\/\/casino-site-amp-141.website\/tr\/sorumlu-oyun-oynama\/"]}]},{"@type":"BreadcrumbList","@id":"https:\/\/casino-site-amp-141.website\/tr\/sorumlu-oyun-oynama\/#breadcrumb","itemListElement":[{"@type":"ListItem","position":1,"name":"\u0413\u043b\u0430\u0432\u043d\u0430\u044f \u0441\u0442\u0440\u0430\u043d\u0438\u0446\u0430","item":"https:\/\/casino-site-amp-141.website\/"},{"@type":"ListItem","position":2,"name":"Sorumlu Oyun Oynama"}]},{"@type":"WebSite","@id":"https:\/\/casino-site-amp-141.website\/#website","url":"https:\/\/casino-site-amp-141.website\/","name":"casino-site-amp-141.website","description":"","potentialAction":[{"@type":"SearchAction","target":{"@type":"EntryPoint","urlTemplate":"https:\/\/casino-site-amp-141.website\/?s={search_term_string}"},"query-input":{"@type":"PropertyValueSpecification","valueRequired":true,"valueName":"search_term_string"}}],"inLanguage":"ru-RU"}]}},"amp_enabled":true,"_links":{"self":[{"href":"https:\/\/casino-site-amp-141.website\/wp-json\/wp\/v2\/pages\/2789","targetHints":{"allow":["GET"]}}],"collection":[{"href":"https:\/\/casino-site-amp-141.website\/wp-json\/wp\/v2\/pages"}],"about":[{"href":"https:\/\/casino-site-amp-141.website\/wp-json\/wp\/v2\/types\/page"}],"author":[{"embeddable":true,"href":"https:\/\/casino-site-amp-141.website\/wp-json\/wp\/v2\/users\/1"}],"replies":[{"embeddable":true,"href":"https:\/\/casino-site-amp-141.website\/wp-json\/wp\/v2\/comments?post=2789"}],"version-history":[{"count":1,"href":"https:\/\/casino-site-amp-141.website\/wp-json\/wp\/v2\/pages\/2789\/revisions"}],"predecessor-version":[{"id":2790,"href":"https:\/\/casino-site-amp-141.website\/wp-json\/wp\/v2\/pages\/2789\/revisions\/2790"}],"wp:attachment":[{"href":"https:\/\/casino-site-amp-141.website\/wp-json\/wp\/v2\/media?parent=2789"}],"curies":[{"name":"wp","href":"https:\/\/api.w.org\/{rel}","templated":true}]}}